t) = -t**3 + 12*t**2 + 12*t + 10. What is w(13)?
-3
Let u(a) = -28*a + 6. Give u(3).
-78
Let y(u) = -9*u - 12. Calculate y(-2).
6
Let c(t) = 2*t**2 - 6*t + 12. Give c(4).
20
Let g(n) = -32*n**2 - n - 1. Give g(-2).
-127
Let l(z) = -17*z + 48. Give l(3).
-3
Let o(c) = -12*c**3 + c**2 - 4*c - 4. Determine o(-1).
13
Let m(f) = f**2 - 8*f + 2. What is m(8)?
2
Let b(s) = -s**3 + 6*s**2 - 4*s + 1. Determine b(4).
17
Let r(i) = 79*i**2 - i - 2. What is r(-1)?
78
Let z(w) = -3*w - 1. Calculate z(7).
-22
Let f(o) = o**2 + 93*o + 2. Determine f(0).
2
Let r(n) = 14*n + 32. Determine r(-3).
-10
Let b(j) = -2*j - 10. Give b(-9).
8
Let r(a) = a**3 - 3*a**2 - 10*a + 18. Determine r(5).
18
Let a(g) = 16*g - 10. Give a(1).
6
Let v(m) = -m**3 - m + 47. Give v(0).
47
Let r(d) = d**3 - 9*d**2 - 3*d - 48. What is r(9)?
-75
Let l(s) = -3*s**2 + 42*s - 6. What is l(12)?
66
Let u(p) = -7*p - 47. What is u(-9)?
16
Let l(c) = c - 9. Give l(-21).
-30
Let c(b) = b**3 + 47*b**2 + 48*b + 86. What is c(-46)?
-6
Let h(x) = -10*x**2 - 2*x. Calculate h(-1).
-8
Let n(t) = t - 11. Calculate n(0).
-11
Let g(h) = -15*h + 77. Determine g(5).
2
Let j(o) = -o**2 + 11*o + 17. Give j(12).
5
Let y(b) = b**3 - 4*b**2 - 6*b - 3. Determine y(5).
-8
Let j(p) = -p**2 - 7*p + 7. Determine j(-3).
19
Let t(w) = -2*w**2 - 17*w - 15. Calculate t(-8).
-7
Let v(a) = -4*a**3 + 4*a**2 - 3*a + 1. Determine v(2).
-21
Let g(d) = -d**2 + 14*d - 32. Give g(6).
16
Let c(h) = -7*h**2 - h + 3. Determine c(-2).
-23
Let a(f) = -4*f**3 - f**2 + f + 3. Calculate a(2).
-31
Let f(r) = r**3 - 8*r**2 + 10*r - 9. What is f(7)?
12
Let n(x) = x - 8. What is n(8)?
0
Let k(z) = -z**2 - 8*z + 2. Determine k(-6).
14
Let n(j) = j + 2. What is n(-6)?
-4
Let h(l) = l**3 - 16*l**2 - 33*l - 65. What is h(18)?
-11
Let i(m) = 2*m - 1. What is i(4)?
7
Let n(i) = 6*i + 5. Determine n(3).
23
Let t(v) = 5*v + 77. Give t(-17).
-8
Let a(x) = -x - 2. What is a(8)?
-10
Let i(s) = -s**2 + 5*s + 4. Give i(-5).
-46
Let x(z) = z + 6. Determine x(-5).
1
Let m(g) = g**3 - 10*g**2 + 14*g - 10. What is m(9)?
35
Let t(y) = -y**3 - 18*y**2 - 2*y - 27. Give t(-18).
9
Let r(u) = u**3 + 7*u**2 - 4*u - 12. What is r(-8)?
-44
Let f(g) = -g**3 - 26*g**2 + g + 14. Determine f(-26).
-12
Let d(s) = s**3 - 8*s**2 - 20*s - 3. Give d(10).
-3
Let u(f) = -2*f**2 + 17*f + 15. Calculate u(9).
6
Let z(l) = 2*l**3 - l**2 - 4*l + 9. Calculate z(2).
13
Let o(g) = -g + 5. Calculate o(8).
-3
Let l(p) = p**3 + 5*p**2 + 20*p + 35. Calculate l(-2).
7
Let w(q) = 3*q - 5. Determine w(7).
16
Let h(r) = 2*r**2 + 10*r + 9. Determine h(-7).
37
Let b(i) = i - 127. Calculate b(0).
-127
Let x(d) = -d**2 + 34*d + 331. Calculate x(42).
-5
Let m(o) = -o**2 + 22*o - 91. Calculate m(15).
14
Let l(y) = -y**2 + 11*y + 15. Calculate l(8).
39
Let c(g) = g**3 - 9*g**2 + 3*g + 12. Determine c(9).
39
Let h(m) = m**2 + 13*m + 25. Give h(-10).
-5
Let k(s) = -4*s - 11. What is k(-3)?
1
Let o(r) = 3*r**3 + 30*r**2 - 35*r - 27. Determine o(-11).
-5
Let y(u) = -2*u - 9. What is y(-10)?
11
Let z(a) = a**3 - 13*a**2 + 14*a - 30. Determine z(12).
-6
Let g(v) = -3*v**3 - 2*v**2 - v - 2. What is g(-2)?
16
Let c(a) = -a**2 - 8*a + 4. Calculate c(6).
-80
Let m(y) = 11*y**2 - y + 1. Calculate m(1).
11
Let h(g) = -9*g + 1. What is h(-2)?
19
Let o(r) = -r**2 - 20*r - 43. What is o(-18)?
-7
Let b(t) = 12*t**2 - 2*t + 1. Calculate b(-2).
53
Let g(j) = -72*j**2 + 4*j + 5. Give g(-1).
-71
Let f(j) = -6*j + 9. What is f(-5)?
39
Let i(y) = -y**3 + 9*y**2 + 9*y + 10. Determine i(10).
0
Let r(l) = l - 53. Determine r(12).
-41
Let g(u) = u**3 + 28*u**2 + u + 19. Determine g(-28).
-9
Let k(n) = n**3 + 4*n**2 - n - 5. Give k(-3).
7
Let w(r) = 6*r + 17. Give w(-4).
-7
Let x(f) = f**3 - 18*f**2 - 2*f + 32. What is x(18)?
-4
Let n(l) = -9*l - 23. Determine n(-5).
22
Let c(y) = -5*y**2 - 11*y + 12. Calculate c(1).
-4
Let g(z) = -2*z**2 - 29*z + 91. Calculate g(-17).
6
Let a(k) = -2*k**2 + 5*k + 1. Determine a(5).
-24
Let u(k) = -14*k - 7. Determine u(5).
-77
Let i(v) = -v**3 + 7*v**2 - 3*v - 4. Calculate i(4).
32
Let k(p) = -4*p + 35. What is k(9)?
-1
Let n(g) = -2*g + 48. Give n(26).
-4
Let q(u) = u - 40. Give q(-5).
-45
Let z(y) = 2*y - 3. Determine z(-7).
-17
Let k(h) = -24*h**3 - h**2 - 2*h - 1. Give k(-1).
24
Let h(o) = 18*o - 228. What is h(13)?
6
Let s(a) = 5*a + 8. What is s(-5)?
-17
Let s(c) = -c**2 + 8*c + 20. Give s(9).
11
Let b(m) = m**2 - 5*m - 3. What is b(6)?
3
Let v(o) = -16*o - 8. Calculate v(-2).
24
Let r(y) = -2*y**2 - 13*y - 1. Determine r(-7).
-8
Let q(v) = -v**2 + 12*v - 21. Calculate q(4).
11
Let f(y) = -y**3 - y**2 - 11*y - 24. Give f(-2).
2
Let z(l) = 12*l - 31. What is z(2)?
-7
Let p(h) = -7*h**2. Give p(-2).
-28
Let h(g) = -2*g**2 + 15*g - 7. Determine h(11).
-84
Let t(k) = k - 2. Calculate t(-6).
-8
Let z(w) = 4*w**3 - 1. Determine z(-1).
-5
Let w(g) = -2*g + 13. Determine w(17).
-21
Let r(q) = q + 13. Calculate r(9).
22
Let w(y) = 2*y**2 + 26*y + 28. What is w(-10)?
-32
Let c(n) = n**3 - 5*n**2 + 6*n - 6. Determine c(3).
-6
Let j(t) = -11*t. Determine j(4).
-44
Let x(w) = 16*w. Give x(-4).
-64
Let m(d) = d + 11. What is m(-11)?
0
Let g(a) = -a**3 - 3*a**2 - 5*a + 8. Calculate g(-4).
44
Let w(x) = x**3 - 23*x**2 + 23*x - 10. What is w(22)?
12
Let r(g) = -g**3 + 3*g**2 - 4*g + 2. Determine r(1).
0
Let i(q) = 3*q**3 - 2*q**2 - 2*q. What is i(2)?
12
Let p(d) = -d**3 - d**2 + 4*d - 5. Give p(-4).
27
Let r(y) = -41*y - 1. What is r(-2)?
81
Let x(i) = -i**3 + 10*i**2 - 3*i - 4. Give x(10).
-34
Let x(v) = 11*v - 1. What is x(-2)?
-23
Let i(m) = m**2 + 22*m + 7. Calculate i(-22).
7
Let q(m) = -11*m - 126. Give q(-11).
-5
Let z(o) = o**3 - 12*o**2 - 13*o - 2. Determine z(13).
-2
Let o(h) = 3*h - 81. Determine o(33).
18
Let s(z) = z**3 - 7*z**2 + 4*z + 6. Give s(5).
-24
Let i(a) = -13*a - 278. What is i(-21)?
-5
Let k(p) = p**3 - 28*p**2 + 29*p - 41. Give k(27).
13
Let u(z) = -z**3 + 6*z**2 - 4*z + 14. What is u(6)?
-10
Let s(t) = 2*t**2 + 4*t - 5. Determine s(-6).
43
Let q(c) = 2*c - 25. What is q(11)?
-3
Let z(u) = u**2 + 4*u - 1. Calculate z(-3).
-4
Let c(x) = x + 10. What is c(-7)?
3
Let l(m) = m + 1. Calculate l(-6).
-5
Let b(k) = k**3 - 13*k**2 + 5*k - 8. Calculate b(5).
-183
Let h(g) = -3*g**2 + g + 20. What is h(-4)?
-32
Let t(k) = k**3 + 22*k**2 - 23*k + 12. Calculate t(-23).
12
Let z(j) = -2*j**3 - 3*j**2 - j - 2. Determine z(-1).
-2
Let t(x) = 5*x + 19. Calculate t(-6).
-11
Let j(z) = 29*z - 1. Determine j(-1).
-30
Let k(u) = 72*u + 224. Determine k(-3).
8
Let w(y) = y**2 + 21*y + 47. Calculate w(-19).
9
Let f(j) = -4*j + 25. What is f(5)?
5
Let c(p) = -30*p**2 + 13*p - 14. What is c(1)?
-31
Let k(q) = q**3 + 7*q**2 + 4*q - 7. Calculate k(-6).
5
Let i(g) = -42*g**2 + 206*g - 1. Calculate i(5).
-21
Let r(l) = l**3 - 7*l**2 + 11*l - 18. Give r(6).
12
Let a(r) = -7*r - 106. What is a(-15)?
-1
Let j(a) = -a - 10. Determine j(-6).
-4
Let s(d) = -2*d**2 + 3*d - 9. Calculate s(3).
-18
Let o(y) = -y**3 + 7*y**2 + 7*y + 9. Determine o(8).
1
Let t(p) = 22*p + 7. Determine t(3).
73
Let x(f) = -f**2 - 44*f - 92. Give x(-42).
-8
Let c(m) = -3*m**2 + 36*m - 66. What is c(10)?
-6
Let w(y) = -y**3 + 6*y**2 + 7*y + 6. Calculate w(6).
48
Let p(d) = 2*d + 2. What is p(-10)?
-18
Let j(q) = 2*q + 2. Give j(1).
4
Let s(k) = 2*k**2 - 20*k + 27. Determine s(8).
-5
Let k(m) = -2*m**2 + 46*m - 197. Determine k(17).
7
Let b(y) = 5*y - 11. Determine b(7).
24
Let i(a) = 3*a + 18. Give i(-5).
3
Let l(v) = -v**3 + 3*v - 3. What is l(2)?
-5
Let q(r) = r**2 - 6*r - 3. Calculate q(7).
4
Let k(g) = -g**2 - 41*g + 185. What is k(-45)?
5
Let r(b) = b**3 - b**2 + b + 4. What is r(-3)?
-35
Let x(i) = -i**3 - 13*i**2 - 14*i - 17. Determine x(-12).
7
Let f(r) = -2*r**3 - 40*r**2 - 35*r + 47. Determine f(-19).
-10
Let z(k) = 6*k + 2. Calculate z(5).
32
Let d(r) = r**2 - 20*r + 11. Give d(20).
11
Let g(c) = -2*c**2 - 38*c + 63. Determine g(-21).
-21
Let c(b) = -7*b**2 + 2*b - 7. Give c(-4).
-127
Let g(t) = 41*t + 80. Give g(-2).
-2
Let z(h) = 3*h + 13. Determine z(6).
31
Let u(s) = s - 1. What is u(6)?
5
Let o(p) = -6*p - 15. Give o(5).
-45
Let a(g) = g**3 - 7*g**2 - 3*g + 12. Determine a(8).
52
Let a(f) = -f**2 + 12*f - 7. Give a(10).
13
Let o(v) = -4*v + 3. Give o(-5).
23
Let r(v) = -7*v**2 - 3*v. What is r(-2)?
-22
Let v(i) = 5*